{"id":5533,"date":"2023-10-20T20:04:55","date_gmt":"2023-10-21T00:04:55","guid":{"rendered":"https:\/\/hidrosistemas.cl\/web\/?page_id=5533"},"modified":"2026-02-16T12:01:28","modified_gmt":"2026-02-16T16:01:28","slug":"nuestra-historia","status":"publish","type":"page","link":"https:\/\/hidrosistemas.cl\/web\/nuestra-historia\/","title":{"rendered":"Nuestra Historia"},"content":{"rendered":"\t\t<div data-elementor-type=\"wp-page\" data-elementor-id=\"5533\" class=\"elementor elementor-5533\" data-elementor-post-type=\"page\">\n\t\t\t\t<div class=\"elementor-element elementor-element-9a7bf85 e-flex e-con-boxed e-con e-parent\" data-id=\"9a7bf85\" data-element_type=\"container\" data-e-type=\"container\">\n\t\t\t\t\t<div class=\"e-con-inner\">\n\t\t<div class=\"elementor-element elementor-element-3c63273 e-con-full e-flex e-con e-child\" data-id=\"3c63273\" data-element_type=\"container\" data-e-type=\"container\">\n\t\t<div class=\"elementor-element elementor-element-bfff66c e-con-full e-flex e-con e-child\" data-id=\"bfff66c\" data-element_type=\"container\" data-e-type=\"container\">\n\t\t\t\t<div class=\"elementor-element elementor-element-224f4e8 elementor-invisible elementor-widget elementor-widget-heading\" data-id=\"224f4e8\" data-element_type=\"widget\" data-e-type=\"widget\" data-settings=\"{&quot;_animation&quot;:&quot;fadeInRight&quot;}\" data-widget_type=\"heading.default\">\n\t\t\t\t<div class=\"elementor-widget-container\">\n\t\t\t\t\t<h1 class=\"elementor-heading-title elementor-size-default\">Nuestra Historia<\/h1>\t\t\t\t<\/div>\n\t\t\t\t<\/div>\n\t\t\t\t<div class=\"elementor-element elementor-element-d50720f elementor-widget elementor-widget-text-editor\" data-id=\"d50720f\" data-element_type=\"widget\" data-e-type=\"widget\" data-widget_type=\"text-editor.default\">\n\t\t\t\t<div class=\"elementor-widget-container\">\n\t\t\t\t\t\t\t\t\t<p class=\"p1\">Hidrosistemas es una empresa que tiene sus ra\u00edces en el a\u00f1o 2016, cuando Juan Carlos Espinoza decide emprender un viaje audaz en el mundo de la tecnolog\u00eda aplicada al agua. Luego de m\u00e1s de 15 a\u00f1os de experiencia en el \u00e1mbito del riego tecnificado y la automatizaci\u00f3n de proyectos agr\u00edcolas, Juan Carlos fund\u00f3 Hidrosistemas con un enfoque claro en la innovaci\u00f3n.<\/p>\t\t\t\t\t\t\t\t<\/div>\n\t\t\t\t<\/div>\n\t\t\t\t<div class=\"elementor-element elementor-element-5701799 elementor-widget elementor-widget-text-editor\" data-id=\"5701799\" data-element_type=\"widget\" data-e-type=\"widget\" data-widget_type=\"text-editor.default\">\n\t\t\t\t<div class=\"elementor-widget-container\">\n\t\t\t\t\t\t\t\t\t<p class=\"p1\">El esp\u00edritu visionario de Hidrosistemas se materializ\u00f3 a trav\u00e9s de alianzas estrat\u00e9gicas con dos empresas espa\u00f1olas, <a href=\"https:\/\/www.microcom.es\/\" target=\"_blank\" rel=\"noopener\"><strong>MICROCOM<\/strong><\/a> y <a href=\"https:\/\/www.novagric.com\/es\/\" target=\"_blank\" rel=\"noopener\"><strong>NOVAGRIC<\/strong><\/a>, que marcaron un hito en su desarrollo.\u00a0<\/p>\t\t\t\t\t\t\t\t<\/div>\n\t\t\t\t<\/div>\n\t\t\t\t<div class=\"elementor-element elementor-element-9df7dcb elementor-widget elementor-widget-text-editor\" data-id=\"9df7dcb\" data-element_type=\"widget\" data-e-type=\"widget\" data-widget_type=\"text-editor.default\">\n\t\t\t\t<div class=\"elementor-widget-container\">\n\t\t\t\t\t\t\t\t\t<p class=\"p1\">Entre los a\u00f1os 2016 y 2020, Hidrosistemas se embarc\u00f3 en el desarrollo y ejecuci\u00f3n de proyectos en la automatizaci\u00f3n de sistemas de riego y fertilizaci\u00f3n. Tambi\u00e9n incursionamos en el control clim\u00e1tico de invernaderos y sistemas de telemetr\u00eda para medir las aguas subterr\u00e1neas, superficiales y el suministro de agua potable rural.<\/p>\t\t\t\t\t\t\t\t<\/div>\n\t\t\t\t<\/div>\n\t\t\t\t<\/div>\n\t\t\t\t<\/div>\n\t\t<div class=\"elementor-element elementor-element-99d955b e-con-full e-flex e-con e-child\" data-id=\"99d955b\" data-element_type=\"container\" data-e-type=\"container\">\n\t\t<div class=\"elementor-element elementor-element-7111ce0 e-con-full e-flex e-con e-child\" data-id=\"7111ce0\" data-element_type=\"container\" data-e-type=\"container\">\n\t\t\t\t<div class=\"elementor-element elementor-element-3ba53b0 elementor-invisible elementor-widget elementor-widget-image\" data-id=\"3ba53b0\" data-element_type=\"widget\" data-e-type=\"widget\" data-settings=\"{&quot;_animation&quot;:&quot;zoomIn&quot;}\" data-widget_type=\"image.default\">\n\t\t\t\t<div class=\"elementor-widget-container\">\n\t\t\t\t\t\t\t\t\t\t\t\t\t\t\t<img fetchpriority=\"high\" decoding=\"async\" width=\"800\" height=\"574\" src=\"https:\/\/hidrosistemas.cl\/web\/wp-content\/uploads\/2025\/06\/sinoptico-zeus-well-01-1024x735.webp\" class=\"attachment-large size-large wp-image-7982\" alt=\"sinoptico-zeus-well\" srcset=\"https:\/\/hidrosistemas.cl\/web\/wp-content\/uploads\/2025\/06\/sinoptico-zeus-well-01-1024x735.webp 1024w, https:\/\/hidrosistemas.cl\/web\/wp-content\/uploads\/2025\/06\/sinoptico-zeus-well-01-300x215.webp 300w, https:\/\/hidrosistemas.cl\/web\/wp-content\/uploads\/2025\/06\/sinoptico-zeus-well-01-768x552.webp 768w, https:\/\/hidrosistemas.cl\/web\/wp-content\/uploads\/2025\/06\/sinoptico-zeus-well-01-1536x1103.webp 1536w, https:\/\/hidrosistemas.cl\/web\/wp-content\/uploads\/2025\/06\/sinoptico-zeus-well-01-2048x1471.webp 2048w\" sizes=\"(max-width: 800px) 100vw, 800px\" \/>\t\t\t\t\t\t\t\t\t\t\t\t\t\t\t<\/div>\n\t\t\t\t<\/div>\n\t\t\t\t<\/div>\n\t\t<div class=\"elementor-element elementor-element-0bd2833 e-con-full e-flex e-con e-child\" data-id=\"0bd2833\" data-element_type=\"container\" data-e-type=\"container\">\n\t\t\t\t<div class=\"elementor-element elementor-element-2674978 elementor-widget elementor-widget-text-editor\" data-id=\"2674978\" data-element_type=\"widget\" data-e-type=\"widget\" data-widget_type=\"text-editor.default\">\n\t\t\t\t<div class=\"elementor-widget-container\">\n\t\t\t\t\t\t\t\t\t<p class=\"p1\"><strong>En 2020, la entrada de Rodrigo Madrid como socio y l\u00edder del equipo comercial marc\u00f3 un nuevo cap\u00edtulo en la historia de Hidrosistemas.<\/strong><\/p>\t\t\t\t\t\t\t\t<\/div>\n\t\t\t\t<\/div>\n\t\t\t\t<div class=\"elementor-element elementor-element-86bfc7b elementor-widget elementor-widget-text-editor\" data-id=\"86bfc7b\" data-element_type=\"widget\" data-e-type=\"widget\" data-widget_type=\"text-editor.default\">\n\t\t\t\t<div class=\"elementor-widget-container\">\n\t\t\t\t\t\t\t\t\t<p class=\"p1\">Con su vasta experiencia de 20 a\u00f1os en la asesor\u00eda, selecci\u00f3n y comercializaci\u00f3n de equipos de bombeo, Rodrigo desempe\u00f1\u00f3 un papel fundamental en la creaci\u00f3n de una red de distribuidores e integradores que abarcaron gran parte del pa\u00eds.<\/p>\t\t\t\t\t\t\t\t<\/div>\n\t\t\t\t<\/div>\n\t\t\t\t<div class=\"elementor-element elementor-element-533787e elementor-widget elementor-widget-text-editor\" data-id=\"533787e\" data-element_type=\"widget\" data-e-type=\"widget\" data-widget_type=\"text-editor.default\">\n\t\t\t\t<div class=\"elementor-widget-container\">\n\t\t\t\t\t\t\t\t\t<p class=\"p1\">En la actualidad Hidrosistemas se ha consolidado como una empresa l\u00edder en el mercado, ofreciendo soluciones integrales que abarcan desde el dise\u00f1o hasta la instalaci\u00f3n de sistemas de bombeo, telemetr\u00eda y telecontrol. A lo largo de su trayecto, esta empresa se ha transformado en un referente en la aplicaci\u00f3n de tecnolog\u00eda avanzada en el sector del agua, contribuyendo de manera significativa al desarrollo sostenible y eficiente de la agricultura y la gesti\u00f3n h\u00eddrica en el pa\u00eds.<\/p>\t\t\t\t\t\t\t\t<\/div>\n\t\t\t\t<\/div>\n\t\t\t\t<\/div>\n\t\t\t\t<\/div>\n\t\t\t\t\t<\/div>\n\t\t\t\t<\/div>\n\t\t\t\t<\/div>\n\t\t","protected":false},"excerpt":{"rendered":"<p>Nuestra Historia Hidrosistemas es una empresa que tiene sus ra\u00edces en el a\u00f1o 2016, cuando Juan Carlos Espinoza decide emprender un viaje audaz en el mundo de la tecnolog\u00eda aplicada al agua. Luego de m\u00e1s de 15 a\u00f1os de experiencia en el \u00e1mbito del riego tecnificado y la automatizaci\u00f3n de proyectos agr\u00edcolas, Juan Carlos fund\u00f3 [&hellip;]<\/p>\n","protected":false},"author":1,"featured_media":2820,"parent":0,"menu_order":0,"comment_status":"closed","ping_status":"closed","template":"elementor_header_footer","meta":{"inline_featured_image":false,"footnotes":""},"class_list":["post-5533","page","type-page","status-publish","has-post-thumbnail","hentry"],"yoast_head":"<!-- This site is optimized with the Yoast SEO plugin v27.5 - https:\/\/yoast.com\/product\/yoast-seo-wordpress\/ -->\n<title>nuestra historia<\/title>\n<meta name=\"description\" content=\"Hidrosistemas nace hace m\u00e1s de 15 a\u00f1os con un enfoque claro en la innovaci\u00f3n en el \u00e1rea del riego tecnificado y la automatizaci\u00f3n de proyectos agr\u00edcolas.\" \/>\n<meta name=\"robots\" content=\"index, follow, max-snippet:-1, max-image-preview:large, max-video-preview:-1\" \/>\n<link rel=\"canonical\" href=\"https:\/\/hidrosistemas.cl\/web\/nuestra-historia\/\" \/>\n<meta property=\"og:locale\" content=\"es_ES\" \/>\n<meta property=\"og:type\" content=\"article\" \/>\n<meta property=\"og:title\" content=\"nuestra historia\" \/>\n<meta property=\"og:description\" content=\"Hidrosistemas nace hace m\u00e1s de 15 a\u00f1os con un enfoque claro en la innovaci\u00f3n en el \u00e1rea del riego tecnificado y la automatizaci\u00f3n de proyectos agr\u00edcolas.\" \/>\n<meta property=\"og:url\" content=\"https:\/\/hidrosistemas.cl\/web\/nuestra-historia\/\" \/>\n<meta property=\"og:site_name\" content=\"Hidrosistemas\" \/>\n<meta property=\"article:publisher\" content=\"https:\/\/www.facebook.com\/HidrosistemasChile\" \/>\n<meta property=\"article:modified_time\" content=\"2026-02-16T16:01:28+00:00\" \/>\n<meta property=\"og:image\" content=\"https:\/\/hidrosistemas.cl\/web\/wp-content\/uploads\/2022\/11\/Logo-Hidrosistemas-2022.png\" \/>\n\t<meta property=\"og:image:width\" content=\"528\" \/>\n\t<meta property=\"og:image:height\" content=\"116\" \/>\n\t<meta property=\"og:image:type\" content=\"image\/png\" \/>\n<meta name=\"twitter:card\" content=\"summary_large_image\" \/>\n<meta name=\"twitter:label1\" content=\"Tiempo estimado de lectura\" \/>\n\t<meta name=\"twitter:data1\" content=\"2 minutos\" \/>\n<script type=\"application\/ld+json\" class=\"yoast-schema-graph\">{\"@context\":\"https:\\\/\\\/schema.org\",\"@graph\":[{\"@type\":\"WebPage\",\"@id\":\"https:\\\/\\\/hidrosistemas.cl\\\/web\\\/nuestra-historia\\\/\",\"url\":\"https:\\\/\\\/hidrosistemas.cl\\\/web\\\/nuestra-historia\\\/\",\"name\":\"nuestra historia\",\"isPartOf\":{\"@id\":\"https:\\\/\\\/hidrosistemas.cl\\\/web\\\/#website\"},\"primaryImageOfPage\":{\"@id\":\"https:\\\/\\\/hidrosistemas.cl\\\/web\\\/nuestra-historia\\\/#primaryimage\"},\"image\":{\"@id\":\"https:\\\/\\\/hidrosistemas.cl\\\/web\\\/nuestra-historia\\\/#primaryimage\"},\"thumbnailUrl\":\"https:\\\/\\\/hidrosistemas.cl\\\/web\\\/wp-content\\\/uploads\\\/2022\\\/10\\\/logo-hidrosistemas-512px.svg\",\"datePublished\":\"2023-10-21T00:04:55+00:00\",\"dateModified\":\"2026-02-16T16:01:28+00:00\",\"description\":\"Hidrosistemas nace hace m\u00e1s de 15 a\u00f1os con un enfoque claro en la innovaci\u00f3n en el \u00e1rea del riego tecnificado y la automatizaci\u00f3n de proyectos agr\u00edcolas.\",\"breadcrumb\":{\"@id\":\"https:\\\/\\\/hidrosistemas.cl\\\/web\\\/nuestra-historia\\\/#breadcrumb\"},\"inLanguage\":\"es-CL\",\"potentialAction\":[{\"@type\":\"ReadAction\",\"target\":[\"https:\\\/\\\/hidrosistemas.cl\\\/web\\\/nuestra-historia\\\/\"]}]},{\"@type\":\"ImageObject\",\"inLanguage\":\"es-CL\",\"@id\":\"https:\\\/\\\/hidrosistemas.cl\\\/web\\\/nuestra-historia\\\/#primaryimage\",\"url\":\"https:\\\/\\\/hidrosistemas.cl\\\/web\\\/wp-content\\\/uploads\\\/2022\\\/10\\\/logo-hidrosistemas-512px.svg\",\"contentUrl\":\"https:\\\/\\\/hidrosistemas.cl\\\/web\\\/wp-content\\\/uploads\\\/2022\\\/10\\\/logo-hidrosistemas-512px.svg\",\"width\":512,\"height\":512,\"caption\":\"logo-hidrosistemas\"},{\"@type\":\"BreadcrumbList\",\"@id\":\"https:\\\/\\\/hidrosistemas.cl\\\/web\\\/nuestra-historia\\\/#breadcrumb\",\"itemListElement\":[{\"@type\":\"ListItem\",\"position\":1,\"name\":\"Portada\",\"item\":\"https:\\\/\\\/hidrosistemas.cl\\\/web\\\/\"},{\"@type\":\"ListItem\",\"position\":2,\"name\":\"Nuestra Historia\"}]},{\"@type\":\"WebSite\",\"@id\":\"https:\\\/\\\/hidrosistemas.cl\\\/web\\\/#website\",\"url\":\"https:\\\/\\\/hidrosistemas.cl\\\/web\\\/\",\"name\":\"Hidrosistemas\",\"description\":\"Monitoreo de Pozos - Norma DGA 1238\",\"publisher\":{\"@id\":\"https:\\\/\\\/hidrosistemas.cl\\\/web\\\/#organization\"},\"potentialAction\":[{\"@type\":\"SearchAction\",\"target\":{\"@type\":\"EntryPoint\",\"urlTemplate\":\"https:\\\/\\\/hidrosistemas.cl\\\/web\\\/?s={search_term_string}\"},\"query-input\":{\"@type\":\"PropertyValueSpecification\",\"valueRequired\":true,\"valueName\":\"search_term_string\"}}],\"inLanguage\":\"es-CL\"},{\"@type\":\"Organization\",\"@id\":\"https:\\\/\\\/hidrosistemas.cl\\\/web\\\/#organization\",\"name\":\"Hidrosistemas\",\"url\":\"https:\\\/\\\/hidrosistemas.cl\\\/web\\\/\",\"logo\":{\"@type\":\"ImageObject\",\"inLanguage\":\"es-CL\",\"@id\":\"https:\\\/\\\/hidrosistemas.cl\\\/web\\\/#\\\/schema\\\/logo\\\/image\\\/\",\"url\":\"https:\\\/\\\/hidrosistemas.cl\\\/web\\\/wp-content\\\/uploads\\\/2022\\\/06\\\/Logo-Hidrosistemas.svg\",\"contentUrl\":\"https:\\\/\\\/hidrosistemas.cl\\\/web\\\/wp-content\\\/uploads\\\/2022\\\/06\\\/Logo-Hidrosistemas.svg\",\"caption\":\"Hidrosistemas\"},\"image\":{\"@id\":\"https:\\\/\\\/hidrosistemas.cl\\\/web\\\/#\\\/schema\\\/logo\\\/image\\\/\"},\"sameAs\":[\"https:\\\/\\\/www.facebook.com\\\/HidrosistemasChile\",\"https:\\\/\\\/www.instagram.com\\\/hidrosistemas_chile\\\/\",\"https:\\\/\\\/www.linkedin.com\\\/company\\\/33207457\\\/admin\\\/\"]}]}<\/script>\n<!-- \/ Yoast SEO plugin. -->","yoast_head_json":{"title":"nuestra historia","description":"Hidrosistemas nace hace m\u00e1s de 15 a\u00f1os con un enfoque claro en la innovaci\u00f3n en el \u00e1rea del riego tecnificado y la automatizaci\u00f3n de proyectos agr\u00edcolas.","robots":{"index":"index","follow":"follow","max-snippet":"max-snippet:-1","max-image-preview":"max-image-preview:large","max-video-preview":"max-video-preview:-1"},"canonical":"https:\/\/hidrosistemas.cl\/web\/nuestra-historia\/","og_locale":"es_ES","og_type":"article","og_title":"nuestra historia","og_description":"Hidrosistemas nace hace m\u00e1s de 15 a\u00f1os con un enfoque claro en la innovaci\u00f3n en el \u00e1rea del riego tecnificado y la automatizaci\u00f3n de proyectos agr\u00edcolas.","og_url":"https:\/\/hidrosistemas.cl\/web\/nuestra-historia\/","og_site_name":"Hidrosistemas","article_publisher":"https:\/\/www.facebook.com\/HidrosistemasChile","article_modified_time":"2026-02-16T16:01:28+00:00","og_image":[{"width":528,"height":116,"url":"https:\/\/hidrosistemas.cl\/web\/wp-content\/uploads\/2022\/11\/Logo-Hidrosistemas-2022.png","type":"image\/png"}],"twitter_card":"summary_large_image","twitter_misc":{"Tiempo estimado de lectura":"2 minutos"},"schema":{"@context":"https:\/\/schema.org","@graph":[{"@type":"WebPage","@id":"https:\/\/hidrosistemas.cl\/web\/nuestra-historia\/","url":"https:\/\/hidrosistemas.cl\/web\/nuestra-historia\/","name":"nuestra historia","isPartOf":{"@id":"https:\/\/hidrosistemas.cl\/web\/#website"},"primaryImageOfPage":{"@id":"https:\/\/hidrosistemas.cl\/web\/nuestra-historia\/#primaryimage"},"image":{"@id":"https:\/\/hidrosistemas.cl\/web\/nuestra-historia\/#primaryimage"},"thumbnailUrl":"https:\/\/hidrosistemas.cl\/web\/wp-content\/uploads\/2022\/10\/logo-hidrosistemas-512px.svg","datePublished":"2023-10-21T00:04:55+00:00","dateModified":"2026-02-16T16:01:28+00:00","description":"Hidrosistemas nace hace m\u00e1s de 15 a\u00f1os con un enfoque claro en la innovaci\u00f3n en el \u00e1rea del riego tecnificado y la automatizaci\u00f3n de proyectos agr\u00edcolas.","breadcrumb":{"@id":"https:\/\/hidrosistemas.cl\/web\/nuestra-historia\/#breadcrumb"},"inLanguage":"es-CL","potentialAction":[{"@type":"ReadAction","target":["https:\/\/hidrosistemas.cl\/web\/nuestra-historia\/"]}]},{"@type":"ImageObject","inLanguage":"es-CL","@id":"https:\/\/hidrosistemas.cl\/web\/nuestra-historia\/#primaryimage","url":"https:\/\/hidrosistemas.cl\/web\/wp-content\/uploads\/2022\/10\/logo-hidrosistemas-512px.svg","contentUrl":"https:\/\/hidrosistemas.cl\/web\/wp-content\/uploads\/2022\/10\/logo-hidrosistemas-512px.svg","width":512,"height":512,"caption":"logo-hidrosistemas"},{"@type":"BreadcrumbList","@id":"https:\/\/hidrosistemas.cl\/web\/nuestra-historia\/#breadcrumb","itemListElement":[{"@type":"ListItem","position":1,"name":"Portada","item":"https:\/\/hidrosistemas.cl\/web\/"},{"@type":"ListItem","position":2,"name":"Nuestra Historia"}]},{"@type":"WebSite","@id":"https:\/\/hidrosistemas.cl\/web\/#website","url":"https:\/\/hidrosistemas.cl\/web\/","name":"Hidrosistemas","description":"Monitoreo de Pozos - Norma DGA 1238","publisher":{"@id":"https:\/\/hidrosistemas.cl\/web\/#organization"},"potentialAction":[{"@type":"SearchAction","target":{"@type":"EntryPoint","urlTemplate":"https:\/\/hidrosistemas.cl\/web\/?s={search_term_string}"},"query-input":{"@type":"PropertyValueSpecification","valueRequired":true,"valueName":"search_term_string"}}],"inLanguage":"es-CL"},{"@type":"Organization","@id":"https:\/\/hidrosistemas.cl\/web\/#organization","name":"Hidrosistemas","url":"https:\/\/hidrosistemas.cl\/web\/","logo":{"@type":"ImageObject","inLanguage":"es-CL","@id":"https:\/\/hidrosistemas.cl\/web\/#\/schema\/logo\/image\/","url":"https:\/\/hidrosistemas.cl\/web\/wp-content\/uploads\/2022\/06\/Logo-Hidrosistemas.svg","contentUrl":"https:\/\/hidrosistemas.cl\/web\/wp-content\/uploads\/2022\/06\/Logo-Hidrosistemas.svg","caption":"Hidrosistemas"},"image":{"@id":"https:\/\/hidrosistemas.cl\/web\/#\/schema\/logo\/image\/"},"sameAs":["https:\/\/www.facebook.com\/HidrosistemasChile","https:\/\/www.instagram.com\/hidrosistemas_chile\/","https:\/\/www.linkedin.com\/company\/33207457\/admin\/"]}]}},"_links":{"self":[{"href":"https:\/\/hidrosistemas.cl\/web\/wp-json\/wp\/v2\/pages\/5533","targetHints":{"allow":["GET"]}}],"collection":[{"href":"https:\/\/hidrosistemas.cl\/web\/wp-json\/wp\/v2\/pages"}],"about":[{"href":"https:\/\/hidrosistemas.cl\/web\/wp-json\/wp\/v2\/types\/page"}],"author":[{"embeddable":true,"href":"https:\/\/hidrosistemas.cl\/web\/wp-json\/wp\/v2\/users\/1"}],"replies":[{"embeddable":true,"href":"https:\/\/hidrosistemas.cl\/web\/wp-json\/wp\/v2\/comments?post=5533"}],"version-history":[{"count":3,"href":"https:\/\/hidrosistemas.cl\/web\/wp-json\/wp\/v2\/pages\/5533\/revisions"}],"predecessor-version":[{"id":11904,"href":"https:\/\/hidrosistemas.cl\/web\/wp-json\/wp\/v2\/pages\/5533\/revisions\/11904"}],"wp:featuredmedia":[{"embeddable":true,"href":"https:\/\/hidrosistemas.cl\/web\/wp-json\/wp\/v2\/media\/2820"}],"wp:attachment":[{"href":"https:\/\/hidrosistemas.cl\/web\/wp-json\/wp\/v2\/media?parent=5533"}],"curies":[{"name":"wp","href":"https:\/\/api.w.org\/{rel}","templated":true}]}}